is -12122101 + 2120?
-12112211
In base 10, what is 368258 + -2?
368256
In base 8, what is 3621 + -6365?
-2544
In base 2, what is 110110100 + -1010011?
101100001
In base 16, what is -194a - 7?
-1951
In base 16, what is 40e - -85?
493
In base 8, what is -4 + -3425011?
-3425015
In base 15, what is 2 - cae4?
-cae2
In base 11, what is 3051 - -54?
30a5
In base 8, what is -10 + -172030?
-172040
In base 16, what is 2b5e - -88?
2be6
In base 10, what is 67153 + -4?
67149
In base 10, what is 4044 - -90?
4134
In base 16, what is -86e8 - f?
-86f7
In base 2, what is -1000100010101 - 1?
-1000100010110
In base 8, what is -2 + 43201?
43177
In base 2, what is 1000000 - 11001001?
-10001001
In base 3, what is 20201011 - -11020?
20212101
In base 4, what is -1 + -31111133?
-31111200
In base 5, what is 31 - -10143314?
10143400
In base 11, what is -271a + 403?
-2317
In base 11, what is -17a - 208?
-387
In base 4, what is -212330 + 10?
-212320
In base 5, what is 21402 - -42?
21444
In base 2, what is 1010 - 10001110000100100?
-10001110000011010
In base 5, what is -12 + 42442?
42430
In base 16, what is -5d7d + -1?
-5d7e
In base 10, what is -3478 - -28?
-3450
In base 14, what is 28 + 267?
291
In base 3, what is -2 + 121211202?
121211200
In base 2, what is 1001011111110001 - 10?
1001011111101111
In base 14, what is -5 - -123ba?
123b5
In base 12, what is -12 - 102?
-114
In base 12, what is 2b7 - -76b?
a66
In base 5, what is -103124 - -10?
-103114
In base 5, what is 20140 + 103?
20243
In base 7, what is 25 - 22031?
-22003
In base 12, what is -9b032a + 3?
-9b0327
In base 15, what is -c7c - -6?
-c76
In base 9, what is 1264472 - -4?
1264476
In base 6, what is 211 + 1544?
2155
In base 15, what is -137 - 84?
-1bb
In base 7, what is 1634404 - -1?
1634405
In base 10, what is 15 + 18891?
18906
In base 7, what is -24046 - -432?
-23314
In base 16, what is -4d6 + -2a?
-500
In base 11, what is 1 - 41167?
-41166
In base 3, what is -2200200002 - 1?
-2200200010
In base 15, what is 0 - 1cb1b?
-1cb1b
In base 13, what is -41c2 - 20?
-4212
In base 2, what is -100101 + -110001001001?
-110001101110
In base 13, what is 2 - -409c?
40a1
In base 15, what is d - d09?
-ceb
In base 5, what is -2 + 4223403?
4223401
In base 15, what is 9b + 111?
1ac
In base 4, what is 1 + 1022330231?
1022330232
In base 14, what is 2 + 32cc8?
32cca
In base 9, what is 1526318 - -2?
1526321
In base 5, what is 214 - 1424?
-1210
In base 5, what is 421442 - -222?
422214
In base 7, what is -206165 + 4?
-206161
In base 14, what is 1d3c - -3?
1d41
In base 5, what is -202220222 - 2?
-202220224
In base 2, what is -10101010 + 100001111?
1100101
In base 15, what is -d718d + 0?
-d718d
In base 4, what is 0 + 101301113?
101301113
In base 11, what is -21553 + -2a?
-21582
In base 6, what is 23340 - 3?
23333
In base 16, what is 9 - -2e32?
2e3b
In base 7, what is -1345340 - -6?
-1345331
In base 12, what is 38b - 25?
366
In base 11, what is 3 + -110707?
-110704
In base 7, what is 543 - -31123?
31666
In base 6, what is -30023 - 1202?
-31225
In base 7, what is 1 - 134103?
-134102
In base 14, what is 5a7 + 21b?
7c4
In base 7, what is 6611 - 64?
6514
In base 4, what is -22031201 - -22?
-22031113
In base 7, what is -50 - 1130?
-1210
In base 12, what is -2b320 + -1?
-2b321
In base 6, what is 5 - -30025?
30034
In base 2, what is 1101011000 - 10110?
1101000010
In base 11, what is 1090a5 + 5?
1090aa
In base 5, what is 24 + 312324?
312403
In base 3, what is -201211222 - 212?
-201212211
In base 14, what is -1089 - 3?
-108c
In base 16, what is 1cb - -3c?
207
In base 10, what is 131616 + 4?
131620
In base 3, what is -1022 - -1121020?
1112221
In base 8, what is -167450 - 1?
-167451
In base 5, what is 302 - -10?
312
In base 15, what is -8c53 - 1?
-8c54
In base 14, what is -9c3a + 4?
-9c36
In base 15, what is -bc - 6a8?
-775
In base 11, what is 10816 - 0?
10816
In base 16, what is d6 + 11fa?
12d0
In base 7, what is 614 - -6150?
10064
In base 7, what is -126346 + 1?
-126345
In base 10, what is -1 - -272432?
272431
In base 9, what is -44078 - 34?
-44123
In base 9, what is -118 + -3323?
-3442
In base 11, what is 6a4560 + -5?
6a4556
In base 10, what is -69 + 643?
574
In base 11, what is 10927 + 11?
10938
In base 10, what is 1 + -56184?
-56183
In base 4, what is -2 + 132222112?
132222110
In base 5, what is 122102143 - -2?
122102200
In base 6, what is -3430434 + -1?
-3430435
In base 6, what is -132 + -1212034?
-1212210
In base 4, what is -3133022230 - 10?
-3133022300
In base 3, what is -22221012 - 122?
-22221211
In base 16, what is 5d6a8 + 5?
5d6ad
In base 12, what is -1 + 1742b2?
1742b1
In base 3, what is -12020 + 1111110?
1022020
In base 6, what is 11420 - -501?
12321
In base 10, what is 28865 - -6?
28871
In base 4, what is 322 + -30122?
-23200
In base 2, what is 101 - -11100110000100000?
11100110000100101
In base 7, what is -654 + -10244?
-11231
In base 6, what is 34205 + -3?
34202
In base 13, what is 1a7 - -5312?
54b9
In base 8, what is 50420 + 26?
50446
In base 7, what is -1215543 - -1?
-1215542
In base 7, what is 3 + 45411?
45414
In base 8, what is -1362 - -27?
-1333
In base 9, what is 57 - 27646?
-27578
In base 11, what is 1865a13 - -1?
1865a14
In base 2, what is -10100011 - -10101101?
1010
In base 15, what is 1 - 93008?
-93007
In base 9, what is 1 + -2685672?
-2685671
In base 16, what is -2e + -2077?
-20a5
In base 14, what is 2 + -13403?
-13401
In base 6, what is -2320443 - -3?
-2320440
In base 7, what is 10065 + -1452?
5313
In base 4, what is -10123 + 21313?
11130
In base 7, what is -25450 + -203?
-25653
In base 7, what is 122 + -1410?
-1255
In base 3, what is -12 + 210012112122?
210012112110
In base 14, what is -5 - 1d5d8?
-1d5dd
In base 13, what is 164 - -131?
295
In base 14, what is 0 + 4773?
4773
In base 10, what is 846 - 43?
803
In base 16, what is -4 - 2ab50?
-2ab54
In base 2, what is -10011010000001000101 + -11?
-10011010000001001000
In base 15, what is c + -23d?
-231
In base 15, what is 117 + -2c92?
-2b7a
In base 3, what is 2 + -212000110?
-212000101
In base 11, what is -23502 - -2?
-23500
In base 7, what is -1 - 43352?
-43353
In base 3, what is 11112220221 - 0?
11112220221
In base 6, what is 1503511 - 105?
1503402
In base 11, what is -91 + 398a?
38a9
In base 12, what is 1210386 - 2?
1210384
In base 16, what is -1 - -1a56d?
1a56c
In base 5, what is -4 - -110?
101
In base 6, what is -431 - -13324?
12453
In base 12, what is 51 - 9a1?
-950
In base 6, what is -4 + -151031?
-151035
In base 8, what is 3015446 + 3?
3015451
In base 10, what is 185 + -54?
131
In base 2, what is -1110 + -1001100010110011?
-1001100011000001
In base 10, what is -5929 - 107?
-6036
In base 12, what is -11 + -1b0b88?
-1b0b99
In base 14, what is -a641 + -9?
-a64a
In base 14, what is -7dd49 + -8?
-7dd53
In base 12, what is 29532 - a5?
29449
In base 5, what is 1 + -3032224?
-3032223
In base 7, what is 601 - -414?
1315
In base 3, what is -2010012121 - -122?
-2010011222
In base 4, what is -11 + 33033032?
33033021
In base 12, what is -1329 - 289?
-15b6
In base 11, what is -17a6 - 209?
-1a04
In base 6, what is -3315134 + 3?
-3315131
In base 14, what is 20886 - d?
20877
In base 6, what is -25103 - 422?
-25525
In base 15, what is 24 + 9938?
995c
In base 4, what is -321 + -2120011?
-2120332
In base 13, what is -cbb + -4?
-cc2
In base 7, what is 3651 - -3?
3654
In base 13, what is -aa - -382b?
3751
In base 7, what is -13046 - -1221?
-11525
In base 4, what is 233 - -332?
1231
In base 14, what is -2269 + -9?
-2274
In base 14, what is 3b8 - -16d?
547
In base 7, what is 5 - 521?
-513
In base 16, what is 5c16 + -5?
5c11
In base 8, what is -264 + -2?
-266
In base 14, what is -66945 + 3?
-66942
In base 7, what is -3511144 - 0?
-3511144
In base 2, what is 100 + -100001111110100111?
-100001111110100011
In base 11, what is -8a + 71?
-19
In base 5, what is -330302 - 10?
-330312
In base 16, what is b8d + -d9?
ab4
In base 7, what is 122204 - -1?
122205
In base 6, what is -4154 + -42?
-4240
In base 10, what is 718 - 328?
390
In base 7, what is -2024 - 465?
-2522
In base 16, what is -52b + -1fb?
-726
In base 16, what is 1f4 - 1bb?
39
In base 12, what is 3a70 + -53?
3a19
In base 4, what is 1303 - -3200130?
3202033
In base 5, what is -2 + 2044021?
2044014
In base 16, what is 6 + -3dd9?
-3dd3
In base